235a414
In base 14, what is 5 - -298857?
29885c
In base 5, what is 11104022 + 100?
11104122
In base 4, what is -320122131120 - -3?
-320122131111
In base 10, what is 170456 - -192?
170648
In base 9, what is -1220 + 41608?
40378
In base 11, what is -3 - -35a758a?
35a7587
In base 10, what is 0 - -41468301?
41468301
In base 7, what is -12633 - -11346?
-1254
In base 9, what is -1260183 - -43?
-1260140
In base 16, what is 28acb501 + 1?
28acb502
In base 2, what is 100110000001010 - -111101000001?
101101101001011
In base 7, what is 3 - 113230146?
-113230143
In base 7, what is 1432620265 - 0?
1432620265
In base 4, what is 111030121 - -13031?
111103212
In base 14, what is 4870182 - 2?
4870180
In base 7, what is 204523303 - 4?
204523266
In base 4, what is -330031132 + 32?
-330031100
In base 5, what is 24 + -1322213313?
-1322213234
In base 10, what is 1690 + -361?
1329
In base 6, what is -204 - 2235053?
-2235301
In base 15, what is -b21 - -15b2?
991
In base 7, what is -221212606 - -30?
-221212546
In base 12, what is 8842 + 10?
8852
In base 13, what is -7 + -b8c4ba4?
-b8c4bab
In base 7, what is -2 - 10444501421?
-10444501423
In base 7, what is -1506 + 512340?
510531
In base 15, what is -5 - -ad837?
ad832
In base 15, what is -36 + -87cb?
-8812
In base 16, what is -1c + -16542?
-1655e
In base 7, what is 3451450560 + 5?
3451450565
In base 13, what is 71b252 - -51?
71b2a3
In base 3, what is 1002000001012 - -10?
1002000001022
In base 13, what is 3b336 + -39?
3b2ca
In base 3, what is 1 + -2021020200012020?
-2021020200012012
In base 6, what is -22 - 55323234?
-55323300
In base 2, what is 11111010001 + 10101100111010?
11001100001011
In base 5, what is 1344 + -231323002?
-231321103
In base 16, what is a7a + -11d82?
-11308
In base 11, what is -683119 + 18?
-683101
In base 12, what is 48 + -1997?
-194b
In base 5, what is -14101433240 - -4?
-14101433231
In base 5, what is 1321211 + -12410?
1303301
In base 10, what is -1 - 55350451?
-55350452
In base 15, what is -68 + 39057c?
390514
In base 2, what is 111000010110110111 - -1000001010?
111000011111000001
In base 14, what is -131610c + -5?
-1316113
In base 16, what is 19e872 + -1?
19e871
In base 4, what is -10320320212223 + 10?
-10320320212213
In base 15, what is 293 + 3e2ac?
3e550
In base 5, what is 101 - 2211130?
-2211024
In base 11, what is -a780557 + 3?
-a780554
In base 11, what is -96345 - 2?
-96347
In base 12, what is -381b + 3a0?
-343b
In base 11, what is 1647 + a09?
2555
In base 6, what is 52423241 + 13?
52423254
In base 4, what is -31302 + 212?
-31030
In base 15, what is -1 + 2ba90d?
2ba90c
In base 13, what is -2 - 253c1447?
-253c1449
In base 3, what is -1021020100011211 + -110?
-1021020100012021
In base 3, what is 1022 - 12200110022102?
-12200110021010
In base 9, what is 132221772 + 4?
132221776
In base 4, what is -1003100132101 + 11?
-1003100132030
In base 7, what is 203 + -635543?
-635340
In base 9, what is 573 + -4426647?
-4426064
In base 8, what is 1253130 + -44?
1253064
In base 8, what is 47225 - -13557?
63004
In base 16, what is -5 - 870481?
-870486
In base 12, what is 30a54 + 2130?
32b84
In base 9, what is 2 - -1247126?
1247128
In base 6, what is 54 - 55204244?
-55204150
In base 15, what is 1120 + -1e13?
-ce3
In base 12, what is 44a + 2759?
2ba7
In base 5, what is -3 + -13224232402?
-13224232410
In base 6, what is -20 - 102521331?
-102521351
In base 5, what is -1 - 2334124342?
-2334124343
In base 9, what is -202808 + 73?
-202725
In base 8, what is -1054 + -4026?
-5102
In base 15, what is 1de836e - -3?
1de8372
In base 6, what is -1124 + 30121132?
30120004
In base 6, what is -2 + -24514525?
-24514531
In base 13, what is -147 + 30c3?
2c79
In base 4, what is 320300021112 - 3?
320300021103
In base 10, what is 2685613 + 16?
2685629
In base 2, what is 1000101 + 111101000101101010?
111101000110101111
In base 6, what is 11105153442 - -4?
11105153450
In base 5, what is -1 - -4044414021?
4044414020
In base 6, what is 3010220515 + 4?
3010220523
In base 10, what is -138665 - -1351?
-137314
In base 15, what is -3a5d6ce - 5?
-3a5d6d4
In base 12, what is -46 + b5b07?
b5a81
In base 14, what is 741 + bbc8?
c529
In base 7, what is -42 - -26464111?
26464036
In base 13, what is -7a + 1740b?
17361
In base 7, what is -334 - 34365?
-35032
In base 3, what is -11021001 - 101200001?
-112221002
In base 10, what is 328635 + -98?
328537
In base 12, what is -2 - ab3b69?
-ab3b6b
In base 4, what is -1322230220 + -102323?
-1322333203
In base 16, what is 4 + -48cb0?
-48cac
In base 4, what is -22101 - 21032101?
-21120202
In base 4, what is -2 - -3002100302130?
3002100302122
In base 10, what is 11488481 - -1?
11488482
In base 4, what is -13201102 + -1302?
-13203010
In base 14, what is 4 + -1b848a7?
-1b848a3
In base 9, what is -4 + -27267864?
-27267868
In base 3, what is 2012 + 11002221120122?
11002221122211
In base 13, what is -b38a + -a437?
-187c4
In base 15, what is 144617 + d?
144625
In base 7, what is 5 - -130151434?
130151442
In base 11, what is -1 + -447435?
-447436
In base 7, what is 4 - -54461632?
54461636
In base 7, what is 2105 - -430342?
432450
In base 6, what is 4313523 - 4343?
4305140
In base 15, what is -2 + -70b3358?
-70b335a
In base 11, what is -126796 + -34?
-12681a
In base 13, what is a533255 + -9?
a533249
In base 16, what is -30655b - -b8?
-3064a3
In base 4, what is 2113011 + 2100033?
10213110
In base 5, what is 10023 + -11140?
-1112
In base 16, what is 6 + 1ceac91?
1ceac97
In base 4, what is 130320333 + -1103?
130313230
In base 4, what is 11 - -320202201222?
320202201233
In base 7, what is -2351 + 4425?
2044
In base 3, what is 102020212211 + 121200?
102021111111
In base 12, what is 5232 + 1ba1?
7213
In base 15, what is -2d31d4a + 5?
-2d31d45
In base 2, what is -11110001 - 10000111110100010010?
-10000111111000000011
In base 13, what is -16 + -6340520?
-6340536
In base 15, what is -23e - 3dc6a?
-3dea9
In base 12, what is 134 - 1a3b4?
-1a280
In base 9, what is 17022873 - 13?
17022860
In base 2, what is 1101000110010 - -1011011011010?
11000100001100
In base 5, what is -24121241402 - 4?
-24121241411
In base 2, what is -101 + 1110101101111010010000?
1110101101111010001011
In base 10, what is 149444258 - -1?
149444259
In base 12, what is 3 + b068534?
b068537
In base 15, what is -22b - bc4?
-e00
In base 11, what is -1221a8 + -a0?
-122298
In base 2, what is -1011001011 + -11100000100010001?
-11100001111011100
In base 5, what is 1024233 - 122222?
402011
In base 7, what is -10124 + -123440?
-133564
In base 2, what is -1110000011110010100 + -1011111?
-1110000011111110011
In base 16, what is -60e93 - 61?
-60ef4
In base 5, what is 1 + -3104414134?
-3104414133
In base 14, what is a3 - 2d1212?
-2d114d
In base 7, what is 36064 + 2?
36066
In base 6, what is -325030322 - -5?
-325030313
In base 9, what is 1 - 36735456?
-36735455
In base 14, what is -65384 - 3a?
-653c0
In base 5, what is -4020120034 + 0?
-4020120034
In base 12, what is 2177 - 27?
2150
In base 16, what is 1b475f + 53?
1b47b2
In base 9, what is -25301402 + 2?
-25301400
In base 7, what is 6163414 - -36?
6163453
In base 12, what is -51 - -152943?
1528b2
In base 2, what is -10110001 + 1111100010110001?
1111100000000000
In base 8, what is 0 + 1671140425?
1671140425
In base 11, what is 1287 + 1374a?
14a26
In base 5, what is 2232204242 - -3?
2232204300
In base 3, what is -12100101101 + -20001022?
-12120102200
In base 2, what is 11 - 10110110000010011100?
-10110110000010011001
In base 12, what is 8b8a5 + -102?
8b7a3
In base 11, what is 1109 + -625a6?
-61498
In base 9, what is -141 - -374362?
374221
In base 12, what is -5b5786 + -4?
-5b578a
In base 4, what is 11301212301 - 12202?
11301200033
In base 4, what is -223323 - 1130323?
-2020312
In base 6, what is -14424254341 - 3?
-14424254344
In base 3, what is -2222220020100 + 1020?
-2222220012010
In base 13, what is -a8 - 6127a3?
-61287b
In base 11, what is 127 + -1370962?
-1370836
In base 3, what is -2102111 - 122112200102?
-122122002220
In base 16, what is 6bb8486 - 1?
6bb8485
In base 4, what is 1001321012010 + 0?
1001321012010
In base 6, what is -5 + 425004041?
425004032
In base 10, what is 6803 + -14026?
-7223
In base 12, what is 6 + -1129360?
-1129356
In base 4, what is -11310020 + 2022232?
-3221122
In base 2, what is 1000101001